the prime factors of y.
7
Let z = 787 + -375. What are the prime factors of z?
2, 103
Suppose 25 + 0 = 5*v. Suppose h = -o + v, 3*h - 16 + 1 = 5*o. Suppose 3*c = -4*b, o = -5*c - b - 2*b + 11. What are the prime factors of c?
2
Let q(j) = 9*j**2 - 35*j + 17. Let u(x) = -5*x**2 + 18*x - 8. Let m(o) = 6*q(o) + 11*u(o). What are the prime factors of m(-10)?
2, 17
Let o = -66 + 266. Suppose 4*u + 4 - o = 0. What are the prime factors of u?
7
Suppose n - 172 = 4*j + 3*n, -4*j + 2*n - 164 = 0. Let s = -29 - j. List the prime factors of s.
13
Let k(h) = 2*h - 5. Let g be k(4). Suppose 2*m + 2*q = -0*m, g*q = -5*m + 4. Let y(x) = 2*x**2 - x. List the prime factors of y(m).
2, 3
Suppose -4*f = -3*f + 3*y + 7, -2*f + 2*y = -10. Suppose -6*c = -f*c - 76. What are the prime factors of c?
19
Suppose -3*w + 4*m = -158, 0*w + 4*m + 42 = w. What are the prime factors of w?
2, 29
Let j(z) = -5*z + 20. Let q(k) = -3*k + 13. Let g(l) = 5*j(l) - 7*q(l). List the prime factors of g(-4).
5
Suppose -63 = 5*g - 13. Let m(b) = b**3 + 11*b**2 + 6*b - 5. What are the prime factors of m(g)?
5, 7
Let q(j) = -j**3 + 7 - 4 - 5*j**2 + j**2. What are the prime factors of q(-4)?
3
Suppose -5*n = -4*p - 131 - 179, 0 = n + p - 62. Suppose 4*v + n = 3*a, 8*v = a + 4*v - 26. What are the prime factors of a?
2, 3
Let m(l) = -l**2 + 3*l + 3. Let s be m(3). Suppose -s*r = -3, -4*r + 0 - 40 = -4*w. Let k = w + 2. List the prime factors of k.
13
Let u(z) = -14*z - 14. Let t(o) = 9*o + 9. Let p = -5 - 3. Let y(g) = p*t(g) - 5*u(g). What are the prime factors of y(-3)?
2
List the prime factors of 34/(-10) + 3 + (-2585)/(-25).
103
Let q(m) = 4*m - 5. Let d be q(5). Suppose k = -0*k + d. List the prime factors of k.
3, 5
Let p(n) = n**3 + 9*n**2 + n - 8. Let o be p(-6). Let k = o + -55. List the prime factors of k.
3, 13
Let u be 1*(-4)/2 + -6. Let w = u - -22. What are the prime factors of w?
2, 7
Let v = -18 + 12. What are the prime factors of (8/(-24))/(1/v)?
2
Suppose 58 = q - d - 4*d, -3*q = -3*d - 162. What are the prime factors of q?
53
What are the prime factors of (-4)/14 + (-120)/(-28)?
2
List the prime factors of (130/4)/(9/18).
5, 13
Suppose 5*a - 4*g = 287, 4*a - 228 = -g + 5*g. What are the prime factors of a?
59
Suppose 2*r - 20 = -2*r. Suppose -11 = -t - 5*s, r*t + 3 = s + 3*s. Suppose 0 = 5*k - 15, -2*k - 4 = -3*m - t. What are the prime factors of m?
3
Let d(h) = -h**3 - 6*h**2 + 5*h - 3. Let u(b) = b**2. Let l be u(2). Let q be -9 + 3/6*l. What are the prime factors of d(q)?
11
Let n be (-2 - (-3 - -1))/(-2). Let v = n - -10. What are the prime factors of v?
2, 5
Let r = 42 - 18. What are the prime factors of r?
2, 3
Let y = 50 - 27. What are the prime factors of y?
23
Let h(q) = q**2 + 2. Let o be h(0). Let b(p) = 7 - p + 6*p + p**o - 4. What are the prime factors of b(-6)?
3
Suppose -d - 17 = -5*t + t, -5*t + 4*d = -35. Let r be 19/t - 10/(-15). Suppose r*p - 20 = 2*p. What are the prime factors of p?
2
Let g be (-3)/(1*9/(-6)). Suppose -2*x - g = -4*x. Suppose -2 - x = -k. What are the prime factors of k?
3
What are the prime factors of 0 + ((-264)/(-9) - (-2)/(-6))?
29
Let x = 10 + -7. Suppose k - 16 = -x. List the prime factors of k.
13
Let x = 4 - -1. Let h = 11 - x. What are the prime factors of h?
2, 3
Suppose 0 = 5*t - 7*t + 54. Suppose -2*a = a - 6. Suppose -a*g + 5*g - t = 0. What are the prime factors of g?
3
Let s(p) = -1. Let q(b) = -2*b + 7. Let t(a) = q(a) + 6*s(a). List the prime factors of t(-2).
5
Suppose 0*q + 2*q - 16 = 0. Let z = 17 - q. Let c(j) = 2*j - 6. What are the prime factors of c(z)?
2, 3
Suppose 0 = 57*u - 60*u + 54. Let q be 37*-1*(0 + -1). Let h = q - u. List the prime factors of h.
19
Let q(p) be the third derivative of p**5/60 + p**4/3 + p**3 + p**2. Let a be q(-6). List the prime factors of (1 - 2)*(a + 3).
3
Suppose 3*v - 4*v = -2. Suppose v*s - 6*s + 8 = 0. Suppose g + s*g + 13 = z, 0 = -5*z + g + 51. List the prime factors of z.
2, 5
Let m be (-9)/15 + 879/15. Suppose 3*v + 2*t - 40 = 0, 5*t - m = -7*v + 3*v. What are the prime factors of v?
2, 3
Suppose 57 = 3*t - 99. List the prime factors of t.
2, 13
Suppose 6 = t + 2*t. Suppose -2*f + 20 = -5*g, t*f + 3*f + 4*g - 116 = 0. What are the prime factors of f?
2, 5
Suppose -y + 71 - 7 = 0. What are the prime factors of y?
2
Let d(t) = 3*t**2 - 8*t + 2. List the prime factors of d(6).
2, 31
Let l = 0 - -31. Suppose 7 = -2*g + l. List the prime factors of g.
2, 3
Suppose 5*z + 105 = -2*q, 3*q - 6*q - 150 = 5*z. Let a = -16 - q. What are the prime factors of a?
29
Suppose 330 = 2*a + a. Suppose 3*p + 102 = 3*l - 0*l, 3*l - 5*p = a. List the prime factors of l.
2, 3, 5
Let j be (66 - 3/3)/1. Suppose 25*k = 20*k + j. List the prime factors of k.
13
Let y be -6*2/3 + -4. What are the prime factors of ((-255)/(-10))/((-6)/y)?
2, 17
List the prime factors of 1*(-1 + -5)*-5.
2, 3, 5
Let q = 0 - -3. Let h = q + 4. List the prime factors of h.
7
Let y(i) = i**3 + 7*i**2 + 5*i + 1. Suppose -18 = -2*a - 0*a. Let h be 4/(-3)*a/2. What are the prime factors of y(h)?
7
Suppose 0 = 6*f - 2*f + 20, -35 = -2*b + f. What are the prime factors of b?
3, 5
Suppose 6*o + 0*o = 174. What are the prime factors of o?
29
Let p(w) be the first derivative of 23*w**3/3 + w + 6. What are the prime factors of p(1)?
2, 3
Suppose -4*d + 660 = -0*d. Suppose -l = 2*l - d. Suppose 2*o - l = -3*o. List the prime factors of o.
11
Let h = -17 + 97. What are the prime factors of h?
2, 5
Let a = 273 + -93. What are the prime factors of a?
2, 3, 5
Let p(i) = -2*i + 4. Let a be p(0). Suppose -5*q - 182 = -a*b - 0*q, -162 = -4*b - 5*q. What are the prime factors of b?
43
Let d = 4 + -3. Let h = 1 + d. Suppose h*z = t + 18, -34 = 3*z - 8*z - 3*t. List the prime factors of z.
2
Suppose -11 = -3*u + 88. Suppose l + 4*g + 41 = -2*l, -2*l - 18 = 5*g. Let i = l + u. List the prime factors of i.
2, 7
Suppose -3*w + 46 = 5*c, w + 3*c + 0 = 22. Let b be 3/(-2) + (-2)/(-4). Let f = b + w. List the prime factors of f.
2, 3
Let x = 14 - -39. Suppose 5*i + 0*h = 2*h + x, 5*i - 58 = -3*h. List the prime factors of i.
11
Let f = 2 - -1. Suppose 2*c + 159 = 6*c - 3*g, f*c - 138 = -4*g. What are the prime factors of c?
2, 3, 7
Suppose 21*n - 28*n + 1225 = 0. List the prime factors of n.
5, 7
What are the prime factors of (27/(-12))/(6/(-272))?
2, 3, 17
Let s = 19 - 10. Suppose 3*z - 3 = s. Suppose 1 = z*q - 27. List the prime factors of q.
7
What are the prime factors of ((-4)/(-6))/((-11)/(-264))?
2
Suppose -5*s = 0, -2*s = -2*p - s + 12. Suppose w = p - 2. Let v = 2 + w. List the prime factors of v.
2, 3
Suppose 0 = -4*z - 4*d + 24, 3*d = -2*z - 2*d - 3. What are the prime factors of z?
11
Let q(n) = -n**3 - 11*n**2 + 7*n - 12. List the prime factors of q(-12).
2, 3
Let b = -28 + 46. Let u = 11 - b. What are the prime factors of (-200)/(-14) + 2/u?
2, 7
Let h = -12 + 18. What are the prime factors of h?
2, 3
Let s(j) = 9*j - 18. What are the prime factors of s(9)?
3, 7
Suppose 25 = -4*y - y, -5*y - 601 = -3*v. List the prime factors of v.
2, 3
Let b be ((-48)/(-10))/((-3)/(-15)). Suppose -5*n = -0*n + 3*d - 88, n - d = b. List the prime factors of n.
2, 5
Let b(u) = 6*u**2 - 1. Let t be b(1). Suppose 0*j = t*j. Suppose j = -2*x - k + 5 - 3, 0 = 2*x - 3*k - 18. List the prime factors of x.
3
Let x = 49 - 25. What are the prime factors of x?
2, 3
Let i(u) = 16*u**3 - u + 1. Let g be i(1). Suppose y + g = -3*y. Let a = y + 14. List the prime factors of a.
2, 5
Suppose 0*n - 6*n + 246 = 0. What are the prime factors of n?
41
Let d = -13 - -17. What are the prime factors of d?
2
Let r(u) = u**3 - 5*u**2 - 5*u - 5 - 2*u + 12*u**2. Let v be r(-7). Suppose 5*h = 2*p - v, -60 = -4*p - 0*p + 3*h. List the prime factors of p.
2, 3
Let k(n) = 8*n - 69. Let u(t) = -20*t + 172. Let w(i) = -12*k(i) - 5*u(i). Let b(x) = x - 8. Let f(d) = -9*b(d) + 2*w(d). List the prime factors of f(0).
2
Suppose -3*o + 11 = 2*o - 2*k, 3*k = 3*o - 3. Let g = o + 1. What are the prime factors of g?
2
Suppose 4*k - 9*k = 0. Suppose 4*a - 72 - 48 = k. List the prime factors of a.
2, 3, 5
List the prime factors of -3 + 1 + 6 + 127.
131
Let q = -7 + 1. Let z be q + -1 - (-1 + 0). What are the prime factors of (-64)/z + 2/6?
11
Let i = 104 - 74. Suppose p - i = -p. What are th